a factor of 15?
True
Does 71 divide 923?
True
Does 52 divide 296?
False
Does 55 divide 3355?
True
Is 9 a factor of 4698?
True
Is 1678 a multiple of 36?
False
Is 190 a factor of 7210?
False
Does 64 divide 5888?
True
Is 2486 a multiple of 22?
True
Is 49 a multiple of 8?
False
Does 42 divide 867?
False
Is 148 a multiple of 37?
True
Is 7 a factor of 2037?
True
Is 17 a factor of 2044?
False
Is 371 a multiple of 7?
True
Is 24 a factor of 1199?
False
Is 22 a factor of 145?
False
Does 17 divide 142375?
True
Is 4173 a multiple of 39?
True
Is 377 a multiple of 13?
True
Does 9 divide 13276?
False
Is 6 a factor of 336?
True
Does 147 divide 74235?
True
Does 22 divide 286?
True
Does 18 divide 2682?
True
Is 4 a factor of 1432?
True
Is 306 a multiple of 5?
False
Is 55 a factor of 2970?
True
Is 50 a multiple of 10?
True
Is 66 a factor of 9133?
False
Is 3071 a multiple of 28?
False
Is 8423 a multiple of 6?
False
Is 6136 a multiple of 118?
True
Does 242 divide 8228?
True
Is 22 a factor of 5521?
False
Is 184 a factor of 1471?
False
Is 680 a multiple of 32?
False
Is 29 a factor of 2774?
False
Does 6 divide 29214?
True
Does 82 divide 4510?
True
Is 4 a factor of 48?
True
Does 49 divide 118?
False
Is 107 a factor of 1819?
True
Is 12 a factor of 1032?
True
Is 6 a factor of 849?
False
Is 23 a factor of 866?
False
Is 34736 a multiple of 16?
True
Does 9 divide 281?
False
Does 6 divide 1524?
True
Is 51 a factor of 21012?
True
Is 2666 a multiple of 21?
False
Is 280 a multiple of 8?
True
Does 27 divide 1247?
False
Is 117 a factor of 5204?
False
Does 47 divide 1598?
True
Is 2522 a multiple of 13?
True
Does 126 divide 56652?
False
Is 1267 a multiple of 33?
False
Is 93 a factor of 744?
True
Is 1027 a multiple of 4?
False
Is 510 a multiple of 5?
True
Is 1404 a multiple of 54?
True
Does 24 divide 1201?
False
Is 1560 a multiple of 24?
True
Does 19 divide 32509?
True
Does 10 divide 4330?
True
Is 116 a factor of 13688?
True
Is 2 a factor of 78?
True
Is 29 a factor of 8758?
True
Does 39 divide 33399?
False
Does 5 divide 25569?
False
Does 36 divide 359?
False
Is 233 a multiple of 6?
False
Is 19 a factor of 103?
False
Does 49 divide 715?
False
Is 16 a factor of 4497?
False
Is 3931 a multiple of 11?
False
Is 27 a factor of 7866?
False
Is 126562 a multiple of 262?
False
Does 31 divide 8525?
True
Is 9 even?
False
Is 542 a multiple of 75?
False
Is 10 a factor of 561?
False
Does 28 divide 115?
False
Is 9 a factor of 7244?
False
Is 22 a factor of 704?
True
Does 94 divide 38160?
False
Does 8 divide 703?
False
Does 21 divide 21?
True
Is 55 a factor of 880?
True
Does 42 divide 2632?
False
Does 36 divide 1404?
True
Does 4 divide 192?
True
Is 42 a factor of 3213?
False
Is 4203 a multiple of 10?
False
Is 118 a factor of 16520?
True
Is 15 a factor of 89?
False
Is 126 a factor of 45908?
False
Does 8 divide 31436?
False
Does 12 divide 10823?
False
Is 2 a factor of 302?
True
Is 1062 a multiple of 32?
False
Is 13488 a multiple of 38?
False
Is 84 a factor of 84842?
False
Is 1419 a multiple of 11?
True
Does 60 divide 240?
True
Is 3956 a multiple of 3?
False
Is 490 a multiple of 245?
True
Does 5 divide 3348?
False
Is 6 a factor of 1771?
False
Does 81 divide 2005?
False
Is 3 a factor of 671?
False
Is 167 even?
False
Is 32 a factor of 5765?
False
Is 66 a factor of 13860?
True
Is 2 a factor of 1390?
True
Is 863 a multiple of 11?
False
Is 77 a factor of 2329?
False
Is 7 a factor of 148?
False
Is 9 a factor of 7749?
True
Is 1733 a multiple of 8?
False
Does 10 divide 740?
True
Does 19 divide 23?
False
Is 8 a factor of 12769?
False
Is 289 a factor of 170243?
False
Is 39 a factor of 117?
True
Is 5353 a multiple of 12?
False
Is 12635 a multiple of 113?
False
Is 9 a factor of 90?
True
Is 63 a factor of 1575?
True
Is 184 a factor of 368?
True
Does 12 divide 3256?
False
Is 3 a factor of 178?
False
Is 450 a multiple of 3?
True
Does 14 divide 1008?
True
Is 3710 a multiple of 20?
False
Does 14 divide 6160?
True
Is 29 a factor of 841?
True
Does 224 divide 26656?
True
Is 137 a factor of 3422?
False
Is 3072 a multiple of 4?
True
Does 103 divide 4919?
False
Does 66 divide 1541?
False
Is 13 a factor of 6372?
False
Is 18 a factor of 1368?
True
Is 1176 a multiple of 37?
False
Does 267 divide 52332?
True
Does 25 divide 801?
False
Is 170 a multiple of 6?
False
Is 1786 a multiple of 47?
True
Does 7 divide 1764?
True
Does 5 divide 620?
True
Is 8903 a multiple of 75?
False
Does 33 divide 13035?
True
Is 9 a factor of 14627?
False
Is 1465 a multiple of 2?
False
Is 741 a multiple of 13?
True
Does 9 divide 468?
True
Is 12 a factor of 6772?
False
Does 63 divide 2646?
True
Does 46 divide 10893?
False
Does 72 divide 2269?
False
Is 38232 a multiple of 72?
True
Is 16 a factor of 109149?
False
Is 6930 a multiple of 315?
True
Is 432 a multiple of 54?
True
Does 48 divide 1008?
True
Is 58 a factor of 17164?
False
Does 13 divide 48521?
False
Does 16 divide 1256?
False
Is 396 a multiple of 11?
True
Is 11565 a multiple of 15?
True
Is 4349 a multiple of 43?
False
Is 21 a factor of 1928?
False
Is 31 a factor of 961?
True
Is 8 a factor of 950?
False
Is 1084 a multiple of 14?
False
Is 9 a factor of 261?
True
Is 45885 a multiple of 182?
False
Is 16641 a multiple of 28?
False
Is 2 a factor of 3974?
True
Is 2604 a multiple of 14?
True
Is 2354 a multiple of 22?
True
Is 356 a multiple of 8?
False
Is 27 a factor of 243?
True
Is 287 a factor of 81652?
False
Is 5372 a multiple of 57?
False
Is 125 a multiple of 25?
True
Is 7 a factor of 3164?
True
Is 86880 a multiple of 67?
False
Is 405 a multiple of 18?
False
Does 11 divide 125?
False
Is 1486 a multiple of 4?
False
Is 23 a factor of 276?
True
Is 4290 a multiple of 10?
True
Does 17 divide 15147?
True
Does 21 divide 135?
False
Is 7 a factor of 1948?
False
Is 9 a factor of 531?
True
Does 168 divide 2897?
False
Is 8817 a multiple of 17?
False
Is 11532 a multiple of 186?
True
Is 1116 a multiple of 31?
True
Is 242 a multiple of 79?
False
Is 200 a factor of 19400?
True
Is 302 a multiple of 3?
False
Is 32527 a multiple of 11?
True
Does 2 divide 889?
False
Does 2 divide 99?
False
Is 33 a factor of 1934?
False
Does 145 divide 50025?
True
Is 96 a factor of 3360?
True
Is 96 a factor of 2112?
True
Does 7 divide 2933?
True
Is 7420 a multiple of 371?
True
Does 120 divide 4320?
True
Is 17385 a multiple of 2?
False
Is 7906 a multiple of 134?
True
Is 27 a factor of 3970?
False
Is 63 a factor of 20059?
False
Is 12 a factor of 816?
True
Does 54 divide 988?
False
Does 19 divide 459?
False
Does 4 divide 661?
False
Does 17 divide 21190?
False
Is 18606 a multiple of 14?
True
Does 48 divide 1383?
False
Does 185 divide 34834?
False
Is 16 a factor of 1440?
True
Does 145 divide 3915?
True
Is 14 a factor of 1462?
False
Is 17 a factor of 35523?
False
Is 84 a factor of 3661?
False
Is 686 a multiple of 5?
False
Is 1533 a multiple of 15?
False
Is 12 a factor of 8655?
False
Is 119 a factor of 57639?
False
Is 13 a factor of 13545?
False
Is 3140 a multiple of 28?
False
Is 44 a factor of 308?
True
Does 75 divide 255?
False
Does 22 divide 43932?
False
Does 8 divide 17528?
True
Is 3392 a multiple of 21?
False
Is 61 a factor of 6013?
False
Is 8 a factor of 11017?
False
Is 597 a multiple of 40?
False
Is 367 a multiple of 45?
False
Does 253 divide 51359?
True
Is 70862 a multiple of 48?
False
Is 27 a factor of 862?
False
Is 6541 a multiple of 32?
False
Does 13 divide 1019?
False
Is 28 a factor of 504?
True
Does 42 divide 11330?
False
Is 699 a multiple of 14?
False
Is 17 a factor of 1819?
True
Does 10 divide 160?
True
Is 90 a multiple of 30?
True
Is 6 a factor of 333?
False
Is 9362 a multiple of 62?
True
Is 269 a multiple of 2?
False
Does 29 divide 10034?
True
Is 10 a factor of 680?
True
Does 8 divide 798?
False
Is 4742 a multiple of 30?
False
Does 50 divide 4007?
False
Does 14 divide 3637?
False
Is 41 a factor of 105?
False
Is 15 a factor of 16725?
True
Is 10300 a multiple of 9?
False
Does 39 divide 11661?
True
Is 2378 a multiple of 82?
True
Is 23 a factor of 322?
True
Is 380 a multiple of 13?
False
Is 41202 a multiple of 54?
True
Is 22 a factor of 14535?
False
Does 23 divide 33047?
False
Is 14 a factor of 476?
True
Does 4 divide 177?
False
Is 661 a multiple of 15?
False
Is 10444 a multiple of 14?
True
Does 41 divide 328?
True
Is 52 a factor of 